{"id":39,"date":"2023-04-20T23:58:34","date_gmt":"2023-04-20T23:58:34","guid":{"rendered":"http:\/\/syntcarbon.pl\/?page_id=39"},"modified":"2024-01-24T23:10:58","modified_gmt":"2024-01-24T23:10:58","slug":"cooperation","status":"publish","type":"page","link":"https:\/\/syntcarbon.pl\/index.php\/cooperation\/","title":{"rendered":"Cooperation"},"content":{"rendered":"\n<h2 class=\"wp-block-heading\">Scientific centers in Poland and abroad<\/h2>\n\n\n\n<p><\/p>\n\n\n\n<ul class=\"wp-block-list\">\n<li>Department of Chemistry and Chemical Engineering, Faculty of Applied Chemistry, Chalmers University, Goteburg, Sweden.<\/li>\n\n\n\n<li>Department of Physics and Astronomy, University of Arkansas at Little Rock, United States.<\/li>\n\n\n\n<li>Department of Biomaterials and Tissue Engineering, Institute of Physiology, Academy of Sciences of the Czech Republic.<\/li>\n\n\n\n<li>Institute of Macromolecular Chemistry, Czech Academy of Sciences,&nbsp;Prague 16206, Czech Republic.<\/li>\n\n\n\n<li>University College London, United Kingdom.<\/li>\n\n\n\n<li>Materials Science Institute&nbsp;(MSI), Lancaster University, United Kingdom.<\/li>\n\n\n\n<li>Katedra i Zak\u0142ad Biochemii i Biotechnologii, Uniwersytet Medyczny (Department of Biochemistry and Biotechnology, University of Medical Sciences), Lublin, Poland.<\/li>\n\n\n\n<li>Instytut Farmakologii im. Jerzego Maja Polskiej Akademii Nauk, Zak\u0142ad Neuroendokrynologii Do\u015bwiadczalnej (Jerzy Maj Institute of Pharmacology of the Polish Academy of Sciences, Department of Experimental Neuroendocrinology), Krakow, Poland.<\/li>\n\n\n\n<li>Collegium Medicum UJ, Wydzia\u0142 Farmacji, Zak\u0142ad Cytobiologii (Collegium Medicum UJ, Faculty of Pharmacy, Department of Cytobiology), Krakow, Poland.<\/li>\n\n\n\n<li>Uniwersytet Jagiello\u0144ski, Wydzia\u0142 Chemii (Jagiellonian University, Department of Chemistry), Krakow, Poland<\/li>\n\n\n\n<li>Zak\u0142ad Biotechnologii Medycznej Wydzia\u0142 Biochemii, Biofizyki i Biotechnologii UJ (Department of Medical Biotechnology, Faculty of Biochemistry, Biophysics and Biotechnology, Jagiellonian University), Krakow, Poland.<\/li>\n\n\n\n<li>Uniwersytet Jagiello\u0144ski, Instytut Zoologii i Bada\u0144 Biomedycznych (Jagiellonian University, Institute of Zoology and Biomedical Research), Krakow, Poland.<\/li>\n\n\n\n<li>Instytut Fizyki J\u0105drowej Polskiej Akademii Nauk (Institute of Nuclear Physics of the Polish Academy of Sciences), Krakow, Poland.<\/li>\n\n\n\n<li>Uniwersytet Medyczny im. Piast\u00f3w \u015al\u0105skich we Wroc\u0142awiu, Wydzia\u0142 Lekarsko-Stomatologiczny, Zak\u0142ad Chirurgii Eksperymentalnej i Badania Biomateria\u0142\u00f3w (Medical University of Piasts of Silesia, Faculty of Medicine and Dentistry, Department of Experimental Surgery and Biomaterials Research), Wroclaw, Poland.<\/li>\n\n\n\n<li>Uniwersytet Kazimierza Wielkiego w Bydgoszczy, Instytut Fizyki (Kazimierz Wielki University, Institute of Physics), Bydgoszcz, Poland<\/li>\n\n\n\n<li>Instytut Metalurgii i In\u017cynierii Materia\u0142owej Polskiej Akademii Nauk (Institute of Metallurgy and Materials Science of the Polish Academy of Sciences), Krakow, Poland.<\/li>\n\n\n\n<li>Sie\u0107 Badawcza \u0141ukasiewicz &#8211; Instytut W\u0142\u00f3kiennictwa w \u0141odzi (\u0141ukasiewicz Research Network &#8211; Institute of Textiles), Lodz, Poland.<\/li>\n\n\n\n<li>Politechnika \u0141\u00f3dzka, Wydzia\u0142 Chemii (Lodz University of Technology, Department of Chemistry), Lodz, Poland.<\/li>\n\n\n\n<li>Sie\u0107 Badawcza \u0141ukasiewicz &#8211; Instytut Biopolimer\u00f3w i W\u0142\u00f3kien Chemicznych w \u0141odzi (- Lukasiewicz Research Network &#8211; Institute of Biopolymers and Chemical Fibers), Lodz, Poland.<\/li>\n\n\n\n<li>Catalan Institute of Nanoscience and Nanotechnology, Barcelona, Spain&nbsp;&nbsp;&nbsp;&nbsp;&nbsp;&nbsp;&nbsp;&nbsp;&nbsp;&nbsp;&nbsp;&nbsp;&nbsp;&nbsp;&nbsp;&nbsp;&nbsp;&nbsp;&nbsp;&nbsp;&nbsp;&nbsp;&nbsp;&nbsp;&nbsp;&nbsp;&nbsp;&nbsp;&nbsp;&nbsp;&nbsp;&nbsp; &nbsp;&nbsp;&nbsp;&nbsp;<\/li>\n<\/ul>\n\n\n\n<h2 class=\"wp-block-heading\">Industry<\/h2>\n\n\n\n<div class=\"wp-block-group has-background\" style=\"background-color:#f4f6f7\"><div class=\"wp-block-group__inner-container is-layout-constrained wp-block-group-is-layout-constrained\">\n<div class=\"wp-block-columns is-layout-flex wp-container-core-columns-is-layout-9d6595d7 wp-block-columns-is-layout-flex\" style=\"font-size:35px\">\n<div class=\"wp-block-column is-vertically-aligned-center is-layout-flow wp-block-column-is-layout-flow\"><div class=\"wp-block-image\">\n<figure class=\"aligncenter size-full is-resized\"><a href=\"https:\/\/tokaicobex.com\/\" target=\"_blank\" rel=\"noreferrer noopener\"><img loading=\"lazy\" decoding=\"async\" width=\"658\" height=\"155\" src=\"http:\/\/syntcarbon.pl\/wp-content\/uploads\/2023\/04\/190820_TOKAI-COBEX_Kombi-Logo_RGB-1.png\" alt=\"\" class=\"wp-image-90\" style=\"width:300px\" srcset=\"https:\/\/syntcarbon.pl\/wp-content\/uploads\/2023\/04\/190820_TOKAI-COBEX_Kombi-Logo_RGB-1.png 658w, https:\/\/syntcarbon.pl\/wp-content\/uploads\/2023\/04\/190820_TOKAI-COBEX_Kombi-Logo_RGB-1-300x71.png 300w\" sizes=\"auto, (max-width: 658px) 100vw, 658px\" \/><\/a><\/figure>\n<\/div><\/div>\n\n\n\n<div class=\"wp-block-column is-vertically-aligned-top is-layout-flow wp-block-column-is-layout-flow\"><div class=\"wp-block-image\">\n<figure class=\"aligncenter size-medium is-resized\"><a href=\"https:\/\/www.sglcarbon.com\/en\/\" target=\"_blank\" rel=\"noreferrer noopener\"><img loading=\"lazy\" decoding=\"async\" width=\"300\" height=\"98\" src=\"https:\/\/syntcarbon.pl\/wp-content\/uploads\/2023\/04\/logo-SGL-300x98.png\" alt=\"\" class=\"wp-image-84\" style=\"width:312px;height:auto\" srcset=\"https:\/\/syntcarbon.pl\/wp-content\/uploads\/2023\/04\/logo-SGL-300x98.png 300w, https:\/\/syntcarbon.pl\/wp-content\/uploads\/2023\/04\/logo-SGL-1024x335.png 1024w, https:\/\/syntcarbon.pl\/wp-content\/uploads\/2023\/04\/logo-SGL-768x251.png 768w, https:\/\/syntcarbon.pl\/wp-content\/uploads\/2023\/04\/logo-SGL.png 1489w\" sizes=\"auto, (max-width: 300px) 100vw, 300px\" \/><\/a><\/figure>\n<\/div><\/div>\n<\/div>\n\n\n\n<div class=\"wp-block-columns has-small-font-size is-layout-flex wp-container-core-columns-is-layout-9d6595d7 wp-block-columns-is-layout-flex\">\n<div class=\"wp-block-column is-vertically-aligned-bottom is-layout-flow wp-block-column-is-layout-flow\"><div class=\"wp-block-image\">\n<figure class=\"aligncenter size-full is-resized\"><a href=\"https:\/\/spaceforest.pl\" target=\"_blank\" rel=\"noreferrer noopener\"><img loading=\"lazy\" decoding=\"async\" width=\"448\" height=\"258\" src=\"http:\/\/syntcarbon.pl\/wp-content\/uploads\/2023\/04\/SF_logo_standard_png_transparent.png\" alt=\"\" class=\"wp-image-89\" style=\"width:200px\" srcset=\"https:\/\/syntcarbon.pl\/wp-content\/uploads\/2023\/04\/SF_logo_standard_png_transparent.png 448w, https:\/\/syntcarbon.pl\/wp-content\/uploads\/2023\/04\/SF_logo_standard_png_transparent-300x173.png 300w\" sizes=\"auto, (max-width: 448px) 100vw, 448px\" \/><\/a><\/figure>\n<\/div><\/div>\n\n\n\n<div class=\"wp-block-column is-vertically-aligned-top is-layout-flow wp-block-column-is-layout-flow\"><div class=\"wp-block-image\">\n<figure class=\"aligncenter size-full is-resized\"><a href=\"https:\/\/www.orlen.pl\/pl\" target=\"_blank\" rel=\"noreferrer noopener\"><img loading=\"lazy\" decoding=\"async\" width=\"348\" height=\"243\" src=\"http:\/\/syntcarbon.pl\/wp-content\/uploads\/2024\/01\/Orlen_Logo-1.png\" alt=\"\" class=\"wp-image-169\" style=\"width:200px\" srcset=\"https:\/\/syntcarbon.pl\/wp-content\/uploads\/2024\/01\/Orlen_Logo-1.png 348w, https:\/\/syntcarbon.pl\/wp-content\/uploads\/2024\/01\/Orlen_Logo-1-300x209.png 300w\" sizes=\"auto, (max-width: 348px) 100vw, 348px\" \/><\/a><\/figure>\n<\/div><\/div>\n<\/div>\n<\/div><\/div>\n","protected":false},"excerpt":{"rendered":"<p>Scientific centers in Poland and abroad Industry<\/p>\n","protected":false},"author":1,"featured_media":0,"parent":0,"menu_order":0,"comment_status":"closed","ping_status":"closed","template":"","meta":{"footnotes":""},"class_list":["post-39","page","type-page","status-publish","hentry"],"_links":{"self":[{"href":"https:\/\/syntcarbon.pl\/index.php\/wp-json\/wp\/v2\/pages\/39","targetHints":{"allow":["GET"]}}],"collection":[{"href":"https:\/\/syntcarbon.pl\/index.php\/wp-json\/wp\/v2\/pages"}],"about":[{"href":"https:\/\/syntcarbon.pl\/index.php\/wp-json\/wp\/v2\/types\/page"}],"author":[{"embeddable":true,"href":"https:\/\/syntcarbon.pl\/index.php\/wp-json\/wp\/v2\/users\/1"}],"replies":[{"embeddable":true,"href":"https:\/\/syntcarbon.pl\/index.php\/wp-json\/wp\/v2\/comments?post=39"}],"version-history":[{"count":14,"href":"https:\/\/syntcarbon.pl\/index.php\/wp-json\/wp\/v2\/pages\/39\/revisions"}],"predecessor-version":[{"id":298,"href":"https:\/\/syntcarbon.pl\/index.php\/wp-json\/wp\/v2\/pages\/39\/revisions\/298"}],"wp:attachment":[{"href":"https:\/\/syntcarbon.pl\/index.php\/wp-json\/wp\/v2\/media?parent=39"}],"curies":[{"name":"wp","href":"https:\/\/api.w.org\/{rel}","templated":true}]}}